{"id":3656,"date":"2024-06-04T02:07:34","date_gmt":"2024-06-04T02:07:34","guid":{"rendered":"https:\/\/guatepaginas.com\/f\/?page_id=3656"},"modified":"2025-02-28T00:14:48","modified_gmt":"2025-02-28T00:14:48","slug":"mini-muni","status":"publish","type":"page","link":"https:\/\/munifraijanes.gob.gt\/wordpress\/?page_id=3656","title":{"rendered":"Mini Muni"},"content":{"rendered":"\t\t<div data-elementor-type=\"wp-page\" data-elementor-id=\"3656\" class=\"elementor elementor-3656\">\n\t\t\t\t<div class=\"elementor-element elementor-element-b0a80e3 e-con-full elementor-hidden-tablet elementor-hidden-mobile e-flex e-con e-parent\" data-id=\"b0a80e3\" data-element_type=\"container\">\n\t\t\t\t<div class=\"elementor-element elementor-element-1208b53 elementor-widget__width-inherit elementor-arrows-position-inside elementor-pagination-position-outside elementor-invisible elementor-widget elementor-widget-image-carousel\" data-id=\"1208b53\" data-element_type=\"widget\" data-settings=\"{&quot;slides_to_show&quot;:&quot;1&quot;,&quot;_animation&quot;:&quot;fadeIn&quot;,&quot;navigation&quot;:&quot;both&quot;,&quot;autoplay&quot;:&quot;yes&quot;,&quot;pause_on_hover&quot;:&quot;yes&quot;,&quot;pause_on_interaction&quot;:&quot;yes&quot;,&quot;autoplay_speed&quot;:5000,&quot;infinite&quot;:&quot;yes&quot;,&quot;effect&quot;:&quot;slide&quot;,&quot;speed&quot;:500}\" data-widget_type=\"image-carousel.default\">\n\t\t\t\t<div class=\"elementor-widget-container\">\n\t\t\t<style>\/*! elementor - v3.22.0 - 26-06-2024 *\/\n.elementor-widget-image-carousel .swiper,.elementor-widget-image-carousel .swiper-container{position:static}.elementor-widget-image-carousel .swiper-container .swiper-slide figure,.elementor-widget-image-carousel .swiper .swiper-slide figure{line-height:inherit}.elementor-widget-image-carousel .swiper-slide{text-align:center}.elementor-image-carousel-wrapper:not(.swiper-container-initialized):not(.swiper-initialized) .swiper-slide{max-width:calc(100% \/ var(--e-image-carousel-slides-to-show, 3))}<\/style>\t\t<div class=\"elementor-image-carousel-wrapper swiper\" dir=\"ltr\">\n\t\t\t<div class=\"elementor-image-carousel swiper-wrapper swiper-image-stretch\" aria-live=\"off\">\n\t\t\t\t\t\t\t\t<div class=\"swiper-slide\" role=\"group\" aria-roledescription=\"slide\" aria-label=\"1 de 1\"><figure class=\"swiper-slide-inner\"><img decoding=\"async\" class=\"swiper-slide-image\" src=\"https:\/\/munifraijanes.gob.gt\/wordpress\/wp-content\/uploads\/2025\/02\/MINI-MUNI.jpg\" alt=\"MINI-MUNI\" \/><\/figure><\/div>\t\t\t<\/div>\n\t\t\t\t\t<\/div>\n\t\t\t\t<\/div>\n\t\t\t\t<\/div>\n\t\t\t\t<\/div>\n\t\t<div class=\"elementor-element elementor-element-3ee46eb e-con-full elementor-hidden-desktop e-flex e-con e-parent\" data-id=\"3ee46eb\" data-element_type=\"container\">\n\t\t\t\t<div class=\"elementor-element elementor-element-22a8b64 elementor-widget__width-inherit elementor-arrows-position-inside elementor-pagination-position-outside elementor-invisible elementor-widget elementor-widget-image-carousel\" data-id=\"22a8b64\" data-element_type=\"widget\" data-settings=\"{&quot;slides_to_show&quot;:&quot;1&quot;,&quot;_animation&quot;:&quot;fadeIn&quot;,&quot;navigation&quot;:&quot;both&quot;,&quot;autoplay&quot;:&quot;yes&quot;,&quot;pause_on_hover&quot;:&quot;yes&quot;,&quot;pause_on_interaction&quot;:&quot;yes&quot;,&quot;autoplay_speed&quot;:5000,&quot;infinite&quot;:&quot;yes&quot;,&quot;effect&quot;:&quot;slide&quot;,&quot;speed&quot;:500}\" data-widget_type=\"image-carousel.default\">\n\t\t\t\t<div class=\"elementor-widget-container\">\n\t\t\t\t\t<div class=\"elementor-image-carousel-wrapper swiper\" dir=\"ltr\">\n\t\t\t<div class=\"elementor-image-carousel swiper-wrapper swiper-image-stretch\" aria-live=\"off\">\n\t\t\t\t\t\t\t\t<div class=\"swiper-slide\" role=\"group\" aria-roledescription=\"slide\" aria-label=\"1 de 1\"><figure class=\"swiper-slide-inner\"><img decoding=\"async\" class=\"swiper-slide-image\" src=\"https:\/\/munifraijanes.gob.gt\/wordpress\/wp-content\/uploads\/2025\/02\/MINI-MUNI-1.jpg\" alt=\"MINI MUNI\" \/><\/figure><\/div>\t\t\t<\/div>\n\t\t\t\t\t<\/div>\n\t\t\t\t<\/div>\n\t\t\t\t<\/div>\n\t\t\t\t<\/div>\n\t\t<div class=\"elementor-element elementor-element-0790dbc e-flex e-con-boxed e-con e-parent\" data-id=\"0790dbc\" data-element_type=\"container\">\n\t\t\t\t\t<div class=\"e-con-inner\">\n\t\t\t\t<div class=\"elementor-element elementor-element-cfe2fb0 elementor-widget elementor-widget-heading\" data-id=\"cfe2fb0\" data-element_type=\"widget\" data-widget_type=\"heading.default\">\n\t\t\t\t<div class=\"elementor-widget-container\">\n\t\t\t<style>\/*! elementor - v3.22.0 - 26-06-2024 *\/\n.elementor-heading-title{padding:0;margin:0;line-height:1}.elementor-widget-heading .elementor-heading-title[class*=elementor-size-]>a{color:inherit;font-size:inherit;line-height:inherit}.elementor-widget-heading .elementor-heading-title.elementor-size-small{font-size:15px}.elementor-widget-heading .elementor-heading-title.elementor-size-medium{font-size:19px}.elementor-widget-heading .elementor-heading-title.elementor-size-large{font-size:29px}.elementor-widget-heading .elementor-heading-title.elementor-size-xl{font-size:39px}.elementor-widget-heading .elementor-heading-title.elementor-size-xxl{font-size:59px}<\/style><h2 class=\"elementor-heading-title elementor-size-default\">Servicios<\/h2>\t\t<\/div>\n\t\t\t\t<\/div>\n\t\t\t\t\t<\/div>\n\t\t\t\t<\/div>\n\t\t<div class=\"elementor-element elementor-element-c2ffb23 e-flex e-con-boxed e-con e-parent\" data-id=\"c2ffb23\" data-element_type=\"container\">\n\t\t\t\t\t<div class=\"e-con-inner\">\n\t\t<div class=\"elementor-element elementor-element-2fee03b e-con-full e-flex e-con e-child\" data-id=\"2fee03b\" data-element_type=\"container\">\n\t\t\t\t<div class=\"elementor-element elementor-element-8d8b569 link-none elementor-widget elementor-widget-wgl-services-7\" data-id=\"8d8b569\" data-element_type=\"widget\" data-widget_type=\"wgl-services-7.default\">\n\t\t\t\t<div class=\"elementor-widget-container\">\n\t\t\t        <div class=\"wgl-services-7 aleft\">\n            <div class=\"wgl-services_wrap\">                    <div class=\"wgl-services_image-wrap\"><img decoding=\"async\" class=\"wgl-services_image\" src=\"https:\/\/munifraijanes.gob.gt\/wordpress\/wp-content\/uploads\/2024\/02\/caja.jpg\" alt=\"caja\" \/><\/div>                <div class=\"wgl-services_content\">                        <h3 class=\"wgl-services_title\">Caja<\/h3>                <\/div>            <\/div>\n        <\/div>\n\n        \t\t<\/div>\n\t\t\t\t<\/div>\n\t\t\t\t<\/div>\n\t\t<div class=\"elementor-element elementor-element-3d6a47a e-con-full e-flex e-con e-child\" data-id=\"3d6a47a\" data-element_type=\"container\">\n\t\t\t\t<div class=\"elementor-element elementor-element-c162c9e link-none elementor-widget elementor-widget-wgl-services-7\" data-id=\"c162c9e\" data-element_type=\"widget\" data-widget_type=\"wgl-services-7.default\">\n\t\t\t\t<div class=\"elementor-widget-container\">\n\t\t\t        <div class=\"wgl-services-7 aleft\">\n            <div class=\"wgl-services_wrap\">                    <div class=\"wgl-services_image-wrap\"><img decoding=\"async\" class=\"wgl-services_image\" src=\"https:\/\/munifraijanes.gob.gt\/wordpress\/wp-content\/uploads\/2024\/02\/agua-potable.jpg\" alt=\"agua-potable\" \/><\/div>                <div class=\"wgl-services_content\">                        <h3 class=\"wgl-services_title\">Agua<\/h3>                <\/div>            <\/div>\n        <\/div>\n\n        \t\t<\/div>\n\t\t\t\t<\/div>\n\t\t\t\t<\/div>\n\t\t<div class=\"elementor-element elementor-element-6d3e58f e-con-full e-flex e-con e-child\" data-id=\"6d3e58f\" data-element_type=\"container\">\n\t\t\t\t<div class=\"elementor-element elementor-element-5f7d282 link-none elementor-widget elementor-widget-wgl-services-7\" data-id=\"5f7d282\" data-element_type=\"widget\" data-widget_type=\"wgl-services-7.default\">\n\t\t\t\t<div class=\"elementor-widget-container\">\n\t\t\t        <div class=\"wgl-services-7 aleft\">\n            <div class=\"wgl-services_wrap\">                    <div class=\"wgl-services_image-wrap\"><img decoding=\"async\" class=\"wgl-services_image\" src=\"https:\/\/munifraijanes.gob.gt\/wordpress\/wp-content\/uploads\/2024\/02\/catastro.jpg\" alt=\"catastro\" \/><\/div>                <div class=\"wgl-services_content\">                        <h3 class=\"wgl-services_title\">Castastro<\/h3>                <\/div>            <\/div>\n        <\/div>\n\n        \t\t<\/div>\n\t\t\t\t<\/div>\n\t\t\t\t<\/div>\n\t\t<div class=\"elementor-element elementor-element-34a432c e-con-full e-flex e-con e-child\" data-id=\"34a432c\" data-element_type=\"container\">\n\t\t\t\t<div class=\"elementor-element elementor-element-02a32eb elementor-widget elementor-widget-text-editor\" data-id=\"02a32eb\" data-element_type=\"widget\" data-widget_type=\"text-editor.default\">\n\t\t\t\t<div class=\"elementor-widget-container\">\n\t\t\t<style>\/*! elementor - v3.22.0 - 26-06-2024 *\/\n.elementor-widget-text-editor.elementor-drop-cap-view-stacked .elementor-drop-cap{background-color:#69727d;color:#fff}.elementor-widget-text-editor.elementor-drop-cap-view-framed .elementor-drop-cap{color:#69727d;border:3px solid;background-color:transparent}.elementor-widget-text-editor:not(.elementor-drop-cap-view-default) .elementor-drop-cap{margin-top:8px}.elementor-widget-text-editor:not(.elementor-drop-cap-view-default) .elementor-drop-cap-letter{width:1em;height:1em}.elementor-widget-text-editor .elementor-drop-cap{float:left;text-align:center;line-height:1;font-size:50px}.elementor-widget-text-editor .elementor-drop-cap-letter{display:inline-block}<\/style>\t\t\t\t<ul><li>Pago de canon de agua potable.<\/li><li>Pago del IUSI.<\/li><li>Compra del boleto de ornato.<\/li><li>Pago de arbitrios municipales (impuestos de negocios, tiendas, salones de belleza, abarroter\u00edas, librer\u00edas, farmacias, ferreter\u00edas, etc.).<\/li><li>Pago de certificaci\u00f3n catastral (no se extiende solvencia municipal).<\/li><li>Pago de multas de tr\u00e1nsito (no se extiende solvencia de tr\u00e1nsito).<\/li><li>Pago por extracci\u00f3n de basura (debe presentar su \u00faltimo recibo de pago).<\/li><\/ul>\t\t\t\t\t\t<\/div>\n\t\t\t\t<\/div>\n\t\t\t\t<\/div>\n\t\t<div class=\"elementor-element elementor-element-d877ed0 e-con-full e-flex e-con e-child\" data-id=\"d877ed0\" data-element_type=\"container\">\n\t\t\t\t<div class=\"elementor-element elementor-element-bfd3c12 elementor-widget elementor-widget-text-editor\" data-id=\"bfd3c12\" data-element_type=\"widget\" data-widget_type=\"text-editor.default\">\n\t\t\t\t<div class=\"elementor-widget-container\">\n\t\t\t\t\t\t\t<div class=\"sub header\">Departamento de agua potable del sector que corresponde a Mini Muni se realiza la siguiente gesti\u00f3n:<\/div><div>\u00a0<\/div><div class=\"content\"><span>Revalidaci\u00f3n de t\u00edtulos\u00a0<\/span>de agua de la extinta empresa comercializadora de agua \u201cPir\u00e1mide Maya\u201d a t\u00edtulo municipal, esto \u00fanicamente para los residenciales de Arrazola I,II Y III , Planes de San Miguel, Buganvilias de Arrazola, Residenciales H\u00e9roes de Arrazola I, H\u00e9roes de Arrazola II, Residenciales Villas de Arrazola y Anexos.<\/div>\t\t\t\t\t\t<\/div>\n\t\t\t\t<\/div>\n\t\t\t\t<\/div>\n\t\t<div class=\"elementor-element elementor-element-61639f1 e-con-full e-flex e-con e-child\" data-id=\"61639f1\" data-element_type=\"container\">\n\t\t\t\t<div class=\"elementor-element elementor-element-c3dc66e elementor-widget elementor-widget-text-editor\" data-id=\"c3dc66e\" data-element_type=\"widget\" data-widget_type=\"text-editor.default\">\n\t\t\t\t<div class=\"elementor-widget-container\">\n\t\t\t\t\t\t\t<ul><li>Emisi\u00f3n de \u00f3rdenes de pago y estados de cuenta IUSI.<\/li><li>Recepci\u00f3n de documentos para el tr\u00e1mite de compra venta y actualizaci\u00f3n en el sistema de registro.<\/li><li>Recepci\u00f3n de avisos notariales.<\/li><li>Emisi\u00f3n de certificaci\u00f3n catastral (no se extiende solvencia municipal).<\/li><li>No se realiza convenios de pago por atraso en el pago de IUSI \u00fanicamente en la municipalidad de Fraijanes.<\/li><\/ul>\t\t\t\t\t\t<\/div>\n\t\t\t\t<\/div>\n\t\t\t\t<\/div>\n\t\t\t\t\t<\/div>\n\t\t\t\t<\/div>\n\t\t<div class=\"elementor-element elementor-element-74a2cbb e-flex e-con-boxed e-con e-parent\" data-id=\"74a2cbb\" data-element_type=\"container\">\n\t\t\t\t\t<div class=\"e-con-inner\">\n\t\t<div class=\"elementor-element elementor-element-8c13832 e-con-full e-flex e-con e-child\" data-id=\"8c13832\" data-element_type=\"container\">\n\t\t\t\t<div class=\"elementor-element elementor-element-17b099b elementor-widget elementor-widget-text-editor\" data-id=\"17b099b\" data-element_type=\"widget\" data-widget_type=\"text-editor.default\">\n\t\t\t\t<div class=\"elementor-widget-container\">\n\t\t\t\t\t\t\t<p><strong>Requisitos de compra-venta de bienes inmuebles:<\/strong><\/p><ul><li>Aviso Notarial que especifique los dados de la compra venta.<\/li><li>Fotocopia de escritura de la compra venta.<\/li><li>Fotocopia del DPI del propietario y adquiriente.<\/li><li>Fotocopia del recibo de pago del \u00faltimo trimestre del Impuesto \u00danico Sobre Inmuebles (IUSI) del propietario y adquiriente (ambos tienen que estar al d\u00eda en sus pagos para poder operar en el sistema catastral la compra-venta del inmueble).<\/li><li>Indicar direcci\u00f3n de la ubicaci\u00f3n del inmueble y direcci\u00f3n para recibir notificaciones, tel\u00e9fono, correo electr\u00f3nico del adquiriente.<\/li><li>Copia de la Raz\u00f3n extendida por el Registro General De La Propiedad que indique la compra-venta de la finca.<\/li><\/ul>\t\t\t\t\t\t<\/div>\n\t\t\t\t<\/div>\n\t\t\t\t<\/div>\n\t\t<div class=\"elementor-element elementor-element-6acf1b2 e-con-full e-flex e-con e-child\" data-id=\"6acf1b2\" data-element_type=\"container\">\n\t\t\t\t<div class=\"elementor-element elementor-element-cfee380 elementor-widget elementor-widget-text-editor\" data-id=\"cfee380\" data-element_type=\"widget\" data-widget_type=\"text-editor.default\">\n\t\t\t\t<div class=\"elementor-widget-container\">\n\t\t\t\t\t\t\t<p><strong>Requisitos de desmembraci\u00f3n de bien inmueble:<\/strong><\/p><ul><li class=\"item\">Aviso notarial que especifique el valor total del capital de la fracci\u00f3n a desmembrar.<\/li><li class=\"item\">Copia de la escritura de la desmembraci\u00f3n copia de la escritura de la finca matriz de donde surgi\u00f3 la desmembraci\u00f3n.<\/li><li class=\"item\">Copia de la raz\u00f3n extendida por el Registro General De La Propiedad que indique la finca de donde surgi\u00f3 la desmembraci\u00f3n y la nueva finca que form\u00f3.<\/li><li class=\"item\">Fotocopia del propietario y adquiriente.<\/li><li class=\"item\">Boleto de ornato del propietario y adquiriente extendido en Fraijanes.<\/li><li class=\"item\">Solvencia municipal del inmueble. (original).<\/li><li class=\"item\">Indicar direcci\u00f3n de notificaci\u00f3n, tel\u00e9fono y correo electr\u00f3nico del adquiriente.<\/li><li class=\"item\">Fotocopia del recibo del pago del \u00faltimo trimestre del Impuesto \u00danico Sobre Inmuebles (IUSI) de la finca que sufrir\u00e1 la desmembraci\u00f3n y del adquiriente. (ambos tienen que estar al d\u00eda en sus pagos para poder realizar la desmembraci\u00f3n y operarlo en el sistema catastral).<\/li><li class=\"item\">Planos, todos deber\u00e1n ser presentados con fotocopias simples y elaborados, firmados y sellados por ingeniero civil o arquitecto, en calidad de colegiados activos.<\/li><li class=\"item\">Si el solicitante es representante legal, presentar copia legalizada de la escritura constitutiva de la sociedad y del acta notarial donde conste el nombramiento de la entidad.<\/li><li class=\"item\">Si la fracci\u00f3n a desmembrar est\u00e1 dentro de un residencial, presentar carta extendida por el Comit\u00e9 de Vecinos autorizando la misma (autenticada).<\/li><li class=\"item\">Autorizaci\u00f3n de desmembraci\u00f3n de Alcald\u00eda Municipal de Fraijanes.<\/li><\/ul>\t\t\t\t\t\t<\/div>\n\t\t\t\t<\/div>\n\t\t\t\t<\/div>\n\t\t\t\t\t<\/div>\n\t\t\t\t<\/div>\n\t\t\t\t<\/div>\n\t\t","protected":false},"excerpt":{"rendered":"<p>Servicios Caja Agua Castastro Pago de canon de agua potable. Pago del IUSI. Compra del boleto de ornato. Pago de arbitrios municipales (impuestos de negocios, tiendas, salones de belleza, abarroter\u00edas, librer\u00edas, farmacias, ferreter\u00edas, etc.). Pago de certificaci\u00f3n catastral (no se extiende solvencia municipal). Pago de multas de tr\u00e1nsito (no se extiende solvencia de tr\u00e1nsito). Pago [&hellip;]<\/p>\n","protected":false},"author":1,"featured_media":0,"parent":0,"menu_order":0,"comment_status":"closed","ping_status":"closed","template":"","meta":{"ub_ctt_via":"","footnotes":""},"class_list":["post-3656","page","type-page","status-publish","hentry"],"featured_image_src":null,"jetpack_sharing_enabled":true,"_links":{"self":[{"href":"https:\/\/munifraijanes.gob.gt\/wordpress\/index.php?rest_route=\/wp\/v2\/pages\/3656","targetHints":{"allow":["GET"]}}],"collection":[{"href":"https:\/\/munifraijanes.gob.gt\/wordpress\/index.php?rest_route=\/wp\/v2\/pages"}],"about":[{"href":"https:\/\/munifraijanes.gob.gt\/wordpress\/index.php?rest_route=\/wp\/v2\/types\/page"}],"author":[{"embeddable":true,"href":"https:\/\/munifraijanes.gob.gt\/wordpress\/index.php?rest_route=\/wp\/v2\/users\/1"}],"replies":[{"embeddable":true,"href":"https:\/\/munifraijanes.gob.gt\/wordpress\/index.php?rest_route=%2Fwp%2Fv2%2Fcomments&post=3656"}],"version-history":[{"count":70,"href":"https:\/\/munifraijanes.gob.gt\/wordpress\/index.php?rest_route=\/wp\/v2\/pages\/3656\/revisions"}],"predecessor-version":[{"id":7648,"href":"https:\/\/munifraijanes.gob.gt\/wordpress\/index.php?rest_route=\/wp\/v2\/pages\/3656\/revisions\/7648"}],"wp:attachment":[{"href":"https:\/\/munifraijanes.gob.gt\/wordpress\/index.php?rest_route=%2Fwp%2Fv2%2Fmedia&parent=3656"}],"curies":[{"name":"wp","href":"https:\/\/api.w.org\/{rel}","templated":true}]}}